 - -1) is divided by (27/(-2))/((-588)/392) - -4?
10
Let m(w) = -w**3 + 7*w**2 - 7*w - 11. Let t be m(5). Suppose 3*z - 11 = -u, -29 = -3*u + t*z + 4. Calculate the remainder when 109 is divided by u.
10
Suppose f + 4*f - 70 = 5*h, -2*f + 33 = -h. Suppose 4*m - 5*a - 85 = 0, -3*m + f + 31 = -a. What is the remainder when 14 is divided by 3 + (-52)/(-20) - 9/m?
4
Let h(o) = 8*o + 8. Let c be h(-3). What is the remainder when 46 is divided by (8 - c)/8 + (-1 - -12)?
4
Let j(d) be the third derivative of 1/30*d**5 - 12*d**2 + 0 + 0*d - d**3 + 1/8*d**4. What is the remainder when 50 is divided by j(-4)?
8
Calculate the remainder when 309 is divided by (-20)/(-190) - ((-1)/(-4) + (-12378)/456).
12
Let x(f) = -248*f - 8. Let d be x(-2). Let q = d + -36. What is the remainder when q is divided by 35?
32
Let z(t) = t**2 + 11*t - 31. Let v be z(-18). Suppose 0 = 3*a + 3*k - 75, -5*a - 13*k + v = -18*k. What is the remainder when 283 is divided by a?
19
Let b(g) = g**2 + 6*g - 85. Let t = -374 - -525. What is the remainder when t is divided by b(7)?
1
Suppose 2*y = -2*b + 100, 26*y - 29*y - 38 = -b. Suppose -5*q = -16 + 1. Calculate the remainder when b is divided by 12/(-2)*(-5)/q.
7
Let t be (-80)/(-3)*(-108)/30. Let x(a) = -2*a**2 - 25*a - 65. What is the remainder when (32/(-6))/(8/t) is divided by x(-6)?
12
Let s = 243 + -102. Suppose 346 = 29*w - 350. Calculate the remainder when s is divided by w.
21
Let l be ((-376)/12 - -3)/((-2)/(-6)). Let z = -33 - l. What is the remainder when z is divided by 14?
10
Let d = 40 - 108. Let j = -48 - d. What is the remainder when (-38)/(-285) - 1076/(-30) is divided by j?
16
What is the remainder when 613 is divided by -4 - -6 - 110/(-5)*2?
15
Calculate the remainder when 2153 is divided by 1122/153*6/4.
8
Let k = 6750 + -6702. What is the remainder when 2015 is divided by k?
47
Suppose -10*a = -25*a + 3011 + 4474. What is the remainder when a is divided by 36?
31
Let i(n) = -9*n + 45. Let j be i(6). What is the remainder when 22 is divided by (-3 + (-57)/j)*(-24)/(-20)?
2
Let y(q) = -9*q + 5. Let j be y(-2). Let u = -29 - -10. Let l = j - u. Calculate the remainder when l is divided by 15.
12
What is the remainder when 27875 is divided by ((48/(-60))/((-2)/(-5)))/((-14)/707)?
100
Let f(m) = m**2 - 11*m - 14. Let x be f(12). What is the remainder when (12/24)/(x/(-1272)) is divided by 29?
28
Suppose 0 = -4*b - 2*a + 11124, -a = -6*b + 7*b - 2781. What is the remainder when b is divided by 26?
25
Suppose 0 = -3*n, -2*y = -5*n - 2500 + 606. What is the remainder when y is divided by 26/195*25*(-90)/(-25)?
11
Let q(s) = 357*s + 414. What is the remainder when q(0) is divided by 14?
8
Let s(p) = 4*p**2 - 433*p + 868. Calculate the remainder when 136 is divided by s(2).
10
Let i be (-68)/(-14) - 222/259. Suppose 7 = -i*o + 71. Let u(b) = -4*b - 2. Calculate the remainder when o is divided by u(-3).
6
Suppose -5*m + 4*x + 61 = 6*x, 3*x + 71 = 5*m. What is the remainder when m is divided by 13?
0
Suppose 3*k - 391 = -17*l + 15*l, -2*l - 8 = 0. Calculate the remainder when k is divided by 60.
13
Let y = -1090 - -1212. What is the remainder when y is divided by 75?
47
Let t = -1922 + 2283. Calculate the remainder when t is divided by 35.
11
Suppose 0 = 8*k - 7 - 25. Suppose 56 = 3*q - 2*z + 15, -q - 5 = k*z. Suppose q*h - 9*h = 258. What is the remainder when h is divided by 13?
12
What is the remainder when (-17)/((-442)/(-12623))*-2 is divided by 12?
11
Let z(j) = j**3 - 8*j**2 + 10*j - 77. Let s be z(8). Suppose 8 = 4*p - 3*y, -p + 3*y + s - 1 = 0. What is the remainder when 62 is divided by p?
0
Suppose -5*z - 4*r + 40 = -10*z, 2*r - 2 = -2*z. Let u be 41*((z - -5) + 0). Suppose u = 4*m - 71. Calculate the remainder when m is divided by 8.
4
Suppose -19*q + 22*q + 12 = 0, -q - 3304 = -4*a. What is the remainder when a is divided by 118?
117
What is the remainder when 328 is divided by 3 + 3 + 18/2?
13
Let j(x) = 2964*x - 5898. Suppose 2*i = -2*f + 3*f + 3, f - i - 2 = 0. What is the remainder when j(2) is divided by f?
2
Suppose 68*m - 27511 + 7655 = 0. Calculate the remainder when m is divided by 11.
6
Suppose 2*y + 18 = 2*t + 30, 4 = -t. Suppose 268 = 5*k - k - 5*i, -3*k + 166 = 5*i. What is the remainder when k is divided by -6 - (6/y - 22)?
10
Let d(p) = 5*p + 92. Let o be d(-15). Suppose -134*y + o = -133*y. What is the remainder when 32 is divided by y?
15
Suppose -2*w + 72 = -3*v, -5*w - 5*v + 3679 - 3674 = 0. Let j(c) = -200*c - 3. What is the remainder when j(-6) is divided by w?
12
Let x = -135 + 154. Suppose 6*b - 273 = 159. Calculate the remainder when b is divided by x.
15
Let v(j) be the first derivative of -5*j**2 - j - 4 + 2 + 3*j**2 + 0*j**2. What is the remainder when 41 is divided by v(-4)?
11
Suppose -2295 = -4*a - 4*t + 7*t, -2*a + 3*t + 1149 = 0. Calculate the remainder when a is divided by 188.
9
Calculate the remainder when 1/9*2 + 9512/288*28 is divided by 306.
7
Let a = 6064 + -5843. What is the remainder when a is divided by 14?
11
Suppose -7716*p + 7727*p = 462209. Calculate the remainder when p is divided by 203.
201
Suppose 0 = -y - 0*y - 6. Calculate the remainder when (30/y - -23) + -3 is divided by 10.
5
Let g be (-1)/2 - ((-18)/(-12) + 0). Let u(h) = 9*h**3 + 2*h**2 - h. Let f be u(g). What is the remainder when 123 is divided by (-2 - 14/7)*f/8?
30
Let m be (36/24)/((-3)/(-8)). Suppose 3*g - 7*g = -4*u - 200, -m*u + 5*g = 201. Let k = u - -102. What is the remainder when k is divided by 18?
17
Let q(c) = c**3 + 14*c**2 + 48*c + 304. Let b(k) = -43*k - 1. Calculate the remainder when b(-1) is divided by q(-12).
10
What is the remainder when 482 is divided by (1164/16)/((-30)/(-40))?
94
Suppose 59 + 356 = 5*q. Suppose -884 = -30*w - 22*w. What is the remainder when q is divided by w?
15
Let r(v) be the second derivative of 8*v + 5*v**2 + 1/6*v**3 + 0. What is the remainder when r(9) is divided by 7?
5
Let d(q) = -4*q**3 - 80*q**2 - 7*q - 15. Calculate the remainder when 291 is divided by d(-20).
41
Let x = 449 - 379. Let a = -53 + 129. Let q = a - x. Calculate the remainder when 10 is divided by q.
4
Let f be (0 - 2)*(-4 + -2 + 5). Suppose -w + 4*i = -f*w + 6, i - 125 = -5*w. Let n = 30 - 16. Calculate the remainder when w is divided by n.
12
Suppose -5*r - 989 + 1364 = 0. What is the remainder when 1429 is divided by r?
4
Let q(j) = -3*j - 59. Let f = -115 - -94. Calculate the remainder when 40 is divided by q(f).
0
Let s(o) = -102*o - 520. Calculate the remainder when s(-6) is divided by 20.
12
Calculate the remainder when 3917 is divided by 1*-14*(3 - 35/10).
4
Let x = 52 + -50. Suppose b + 1 + 0 = 4*s, 0 = -x*b + 2*s - 14. Let a = 16 + b. Calculate the remainder when a is divided by 1.
0
Suppose 4*l = 0, -2*l = 5*r - 32 + 62. What is the remainder when 191 is divided by (-3)/24 + (-97)/(-8) - r?
11
Let s(o) = -o**3 + 30*o**2 - 182*o + 38. Calculate the remainder when s(14) is divided by 30.
26
Suppose -z - t = -473, 2*z - 938 = 222*t - 223*t. What is the remainder when 1435 is divided by z?
40
Let f(m) = -2*m**3 - 5*m**2 + 13*m + 46. Calculate the remainder when 2159 is divided by f(-3).
15
Suppose 0 = -i - 3*w + 11, i + 2*w = 7 - 0. Let o = 5284 + -5278. What is the remainder when 23 is divided by (-11)/i + -4 + o?
10
Let c(o) = 3*o - 17. Let b be (-382)/(-8) + 3/(-4). Suppose -93 - b = -4*h. What is the remainder when h is divided by c(10)?
9
Suppose -5*q + 5*p + 55 = 0, p = q + 2*p - 15. Calculate the remainder when 568 is divided by q.
9
Suppose 0 = -5*p - 2*i - 131, -11 = -p - 2*i - 42. Calculate the remainder when (p/1)/((-39)/195) is divided by 32.
29
Suppose -2*w = 5*i - 77, 4*i = -5*w - i + 155. Suppose -w*j = -488 + 150. What is the remainder when 85 is divided by j?
7
Let o = -6108 + 7254. Calculate the remainder when o is divided by 115.
111
Let k(j) = -13*j**3 - 3*j**2 - 5*j - 7. Let l be k(3). Let d = -348 - l. What is the remainder when d is divided by 2/7 + 620/35?
16
Let j = -180 - -183. Suppose 0 = -2*p + 6*p + j*c - 973, 2*c - 237 = -p. Calculate the remainder when p is divided by 18.
13
Suppose -161 = -7*j - 8*j + 214. Calculate the remainder when 382 is divided by j.
7
Let q(a) = 249*a + 4277. What is the remainder when 1794 is divided by q(-17)?
34
Let 